et t = 8490 - 8508. What is k(t)?
-99
Let d(q) = -q**2 - 21*q - 13. Let t be d(-20). Let c = 12 - t. Suppose -c*g = -8*g - 18. Let y(j) = -j - 3. Give y(g).
3
Let s = 423 - 416. Let t(r) = 4*r + s*r - 3*r**2 + 4 + 3*r**2 - r**2. What is t(10)?
14
Let y(k) = -3*k - 22. Let z be 401/2 - (-10)/(11 - 31). Suppose 88*b + z = 68*b. Calculate y(b).
8
Let k(o) = 2*o - 4. Suppose 7*t - 201 - 184 = 0. Let h = -39 + t. Suppose c - 3*y = 6*c + h, -3*c + y - 18 = 0. Give k(c).
-14
Let s(f) be the first derivative of f**6/360 - f**5/40 + f**4/24 + f**3 - 2*f**2 - 41. Let y(h) be the third derivative of s(h). What is y(2)?
-1
Let n(k) = -13*k + 1. Let s(z) = 3*z - 4. Let l(a) = -n(a) - 2*s(a). What is l(5)?
42
Let d(o) = 66 - 142 + 62 - 4*o + 23*o. Calculate d(2).
24
Let f(k) be the first derivative of -k**4/4 + 11*k**3/3 - 27*k**2/2 + 6813. What is f(6)?
18
Let d be 31943/68 + -9 - 6/8. Suppose 26*v - 72*v = d. Let o(q) = 2*q + 18. Calculate o(v).
-2
Let f(j) = -j**3 + 4*j**2 - 6*j + 4. Let o = 789 + -763. Suppose 27*c - 134 = -o. Determine f(c).
-20
Let h be 5 + 14/(6/3). Suppose 2*v - 60 = h*v. Let x(o) be the second derivative of o**5/20 + 7*o**4/12 + 7*o**3/6 - 2*o**2 + 3*o. Give x(v).
-10
Let r(h) = 2299 - 12*h**2 + 2290 - 26*h**2 - 4590 - 153*h. Calculate r(-4).
3
Let u(z) be the first derivative of 3/2*z**2 + z**3 + 4 - 1/4*z**4 + 2*z. Let b(m) = -20*m + 104. Let c be b(5). What is u(c)?
-2
Suppose 0 = m + 4*b + 12, 11*b - 10*b = 3*m - 16. Suppose 44 = -5*r - m*v, -7*r = -6*r + 3*v + 11. Let a(y) = -2*y. Determine a(r).
16
Suppose -5*v - 153*i = -157*i - 51, 18 = 2*v - i. Let o(t) be the third derivative of t**6/120 - t**5/10 - t**4/8 - 4*t**3/3 - 7*t**2. What is o(v)?
20
Let u(j) = -4*j**2. Let q(r) = 3*r**2 + r + 9. Let v(m) = 5*q(m) + 4*u(m). Determine v(0).
45
Suppose -2*r - 2*s + 14 = 0, 2*s - 4*s - 36 = -3*r. Let t(k) = 20*k + r*k + 1 - 23*k - 2. Determine t(-2).
-15
Let b(f) = 64*f**2 + 49*f**2 + f - 3*f**3 + 2*f**3 - 15 - 102*f**2. Determine b(11).
-4
Let h = -328 + 342. Let j(c) = 353 - h*c - 177 - 177. Give j(2).
-29
Let u be (1 + -7)/(-2)*-1. Let j(y) be the third derivative of y**4/24 + 5*y**3/3 - y**2 + 78. Let p(z) = 3*z + 22. Let w(h) = 7*j(h) - 3*p(h). What is w(u)?
10
Suppose 5*p + 5*m + 0*m + 95 = 0, -5*p = 4*m + 96. Let h(k) = -k - 22. Let s be h(p). Let q(l) be the first derivative of -l**3/3 + 2*l - 1. Determine q(s).
-2
Let o(x) = 25 - 16*x - 10 + 18 + 33 + 25. What is o(5)?
11
Let m(y) = 7*y**3 + 5*y**2 - 14*y - 5. Let x(i) = 3*i**3 + 3*i**2 - 7*i - 2. Let h(b) = 4*m(b) - 9*x(b). Suppose 0 = -26*f + 69*f - 258. Give h(f).
4
Let v(j) = 204*j - 2*j**2 + 4*j**3 - 210*j - 15*j**3 + 6*j**3 + 6*j**3 - 5. Let c = 8 - 3. Give v(c).
40
Let x(b) = -b**3 + 10*b**2 - 8*b - 10. Let h = 2704 + -2697. Calculate x(h).
81
Let t(n) be the first derivative of -n**4/4 - 2*n**3/3 - 43*n**2 - 117. Let u(z) be the second derivative of t(z). What is u(3)?
-22
Let u(m) = -6 + 370*m**2 + 4 - 11*m - 5*m**3 - 388*m**2. Let i(j) = -14*j**3 - 52*j**2 - 32*j - 5. Let l(f) = 4*i(f) - 11*u(f). Determine l(-9).
-16
Let r(t) = -32*t - 19. Let f be 30/(-21) - ((-1)/(-7) + 18/42). Give r(f).
45
Let r = -20 - -25. Let t(s) be the second derivative of s**3/6 - 2*s**2 + 2833*s. Calculate t(r).
1
Suppose 0 = 5*u + 2*w - 47, -133*w + 131*w - 8 = 0. Let o(l) = 2*l**2 - 25*l + 15. Determine o(u).
-18
Let l(y) be the first derivative of y**3/3 - 5*y**2/2 + 20. Let i(v) = 0 + 1 + 342*v**2 - 3*v - 345*v**2 + 18*v. Let t(d) = 4*i(d) + 11*l(d). Calculate t(6).
-2
Let v(u) be the first derivative of u**3/3 - 4. Let y(c) = -8*c**2 - 40*c + 2. Let x be y(-5). Suppose 4 = 2*o + 3*r, x*o = r + 8 - 4. Give v(o).
4
Let a(j) = -j**3 + j**2 + 13*j + 1. Let c be a(4). Suppose 91 - 111 = -c*f. Let l(b) = -f + 5*b + 3 - 3*b. What is l(-2)?
-5
Let j(f) = -f**3 - 5*f**2 - 4*f. Suppose 5*x = 3*o + 19, o = -2*o - 5*x + 1. Let w be j(o). Let c(r) = 843*r - 424*r + 1 - 420*r. Calculate c(w).
7
Let u(w) be the first derivative of -w**5/20 - 5*w**4/12 - w**3/3 + w**2 - 37*w - 139. Let t(h) be the first derivative of u(h). Calculate t(-3).
-10
Let u(g) be the second derivative of -g**5/20 + 5*g**4/3 + 43*g**3/6 + 47*g**2/2 - 415*g - 2. What is u(22)?
25
Let x be 384/224*(-2 + (-3)/(-4)*-2). Let a(i) = 0*i**2 + 7 - 5*i - 2*i**2 + 2*i + 7*i**2 + i**3. Give a(x).
-11
Suppose -110*x - 120*x + 48 = -214*x. Let a(i) be the second derivative of 0 - 13*i - 1/3*i**x + 1/2*i**2 + 1/6*i**4. Calculate a(1).
1
Let k = -744 + 745. Let g(s) = -k - 11*s - 6*s + 34*s - 13*s + 0. What is g(2)?
7
Let g(m) = 7*m - 5. Let h(u) = -15*u + 10. Let l = -438 + 434. Suppose 3*p + 30 = 3. Let f(w) = l*h(w) + p*g(w). Calculate f(-4).
17
Let j(s) = -2*s**2 - 9*s + 2. Suppose 1 = -9*r - 54 + 10. Calculate j(r).
-3
Suppose 3*t = -3*c - 21, -25 = -40*t + 45*t - 5*c. Let j(n) = -n**2 + 4*n + 47. Give j(t).
-13
Let r(s) = s**2 + 4*s - 356 - 358 + 682. Determine r(-9).
13
Let v(k) = -2*k**2 - 17*k - 26. Suppose 120 = -18*s + 12. Let t be v(s). Let x(b) = b**3 - 5*b**2 + 2*b + 5. Give x(t).
-3
Let j(c) = -4*c**2 + c - 9. Let o(p) = p**3 - 51*p**2 - 30*p + 53. Let t(m) = 5*j(m) - o(m). What is t(32)?
-2
Suppose -238*m + 248*m + 10 = 0. Let h(d) = 4*d**3 + d**2 + 2*d + 1. Calculate h(m).
-4
Let u(q) = -q - 8. Let w = -1533 + 904. Let g = 636 + w. Determine u(g).
-15
Let m = -49 + 43. Let n = m + 11. Suppose 2*j + j = 5*c + n, 0 = -j - 2*c - 13. Let q(p) = -p**3 - 4*p**2 + 8*p + 5. Determine q(j).
-10
Let h = 10 - 22. Let b(y) = 3*y**2 + 37*y + 16. Let x be b(h). Let u(z) = z**3 - 4*z**2 - 2*z - 4. Calculate u(x).
-12
Suppose 705 + 4 + 656 = -273*j. Let m(d) = 10*d + 40. Determine m(j).
-10
Let r(a) be the third derivative of -1/120*a**6 + 0*a + 13/24*a**4 - 134*a**2 + 0*a**3 + 0 - 1/15*a**5. What is r(-6)?
-6
Let z(h) = 39*h**2 + 59*h + 35*h**2 - 19*h - 114*h**2 + 38*h**2 - 8. What is z(20)?
-8
Let y be (-2)/(-8) - 2/8. Let h(f) = 12 + 2018*f + 6 - 2017*f. What is h(y)?
18
Suppose -4*j + 6*j + 2*j = 0. Suppose j = 582*q - 584*q + 10. Let a(v) be the second derivative of v**4/12 - 5*v**3/6 + 2*v**2 - v. Give a(q).
4
Let m(b) be the second derivative of b**5/20 - b**4/6 + 3*b**2/2 - 3*b + 18. Let t(f) = -2*f**3 + 1. Let w(d) = -m(d) + 2*t(d). Calculate w(-1).
6
Let h = 91 - 90. Let j(a) = 9*a - 4 + 0 - 1. Let c(s) = -1. Let v(o) = -4*c(o) + j(o). Determine v(h).
8
Let z(y) = 5 + 6 - 23 + 8. Let k(p) = p + 15. Let j(c) = -2*k(c) - 9*z(c). Calculate j(5).
-4
Let x(p) = p**3 + 3*p**2 + 5*p + 7. Let k be (76/12 + -7)*-6. Suppose 7 = -k*m + 5*l, -4*l - 8 = m + l. Calculate x(m).
-8
Let d(w) = -w + 5. Let q be d(7). Let g(z) = -1 + 14308*z - 14308*z - z**2. Give g(q).
-5
Let a(f) = 48*f**3 + 2*f**2 - 2. Suppose -2*o - 52 = -50. Let z be a(o). Let g = 45 + z. Let n(q) = -5*q - 4. Determine n(g).
11
Let u(o) = 2*o**3 - o**2 + 5*o + 4. Let t(v) = -7*v**3 - 14*v**2 - 9*v - 9. Let g(f) = -t(f) - 4*u(f). What is g(18)?
-205
Let f(s) be the first derivative of s**2/2 - 6*s + 46. Let i(j) = j - 7. Let y be 34/(-9) + 16/(-72). Let r(a) = y*i(a) + 5*f(a). Calculate r(2).
0
Let m(a) = -a**2 + 16*a + 40. Let u be m(18). Suppose 3*l + 34 = -u*g + 6*l, -4*l = -g - 15. Let d(y) = y**3 + 6*y**2 - 5*y + 1. Calculate d(g).
-13
Let r(q) = -107*q - 52. Let b(d) = -30*d - 16. Let a(c) = 7*b(c) - 2*r(c). Calculate a(1).
-4
Suppose -43 = -6*x + 5. Let w(c) = -c**2 - x + 3*c**3 - 7 - 5*c**2 + 5*c**2 - 2*c**3. Let r(j) = -j + 3. Let l be r(3). Determine w(l).
-15
Let q(d) = 880 - 6*d + 834 + 2*d**2 - 1709. Calculate q(6).
41
Let r = 1520 + -1156. Let l = r - 366. Let k(d) be the third derivative of -d**4/4 - d**3/6 - d**2. Give k(l).
11
Let q(l) be the third derivative of -l**4/24 + 2*l**3 - 114*l**2 - 17*l. Give q(6).
6
Let z(t) be the first derivative of -t**3 - t**2 - 13*t - 104. Let l(q) be the first derivative of z(q). Calculate l(-3).
16
Let k = 7528 + -7526. Let c(q) = -2*q**3 + q**2 - 6*q + 3. What is c(k)?
-21
Let u(a) be the second derivative of -2*a**3/3 + 13*a**2/2 - 12468*a. Give u(-3).
25
Let k(l) be the second derivative of 7*l - 5 + 1/12*l**4 + 0*l**3 - 1/2*l**2. Calculate k(2).
3
Let g(u) = -3*u + 5 - 2*u - u**3 + 12*u**2 + 3*u. Let t be -5 + 176/10 - 33/55. What is g(t)?
-19
Let l(x) = x**2 - 33*x - 21. Let c(w) = w**2 - 39*w - 22. Let g(z) = -